-5*z, 0*z - 3*z = 3*k - 15. Suppose 2*f = -0*m - m + 6, 0 = z*m - 4*f - 20. What is the highest common factor of m and 64?
8
Let l(z) = z**3 - z**2 + 28. Let m be l(0). Suppose 6*r - 448 = 4*r. What is the highest common divisor of m and r?
28
Let v be 2/(-3*6/(-45)). Suppose 637 + 28 = v*s + 2*f, 4*s - 555 = 3*f. What is the highest common divisor of s and 15?
15
Suppose -4*q - 2221 = -6*g + 3*g, 0 = 3*g - q - 2236. What is the highest common factor of g and 9?
9
Suppose -g - a + 25 = 2*a, -2*g - 2*a = -46. Let t(w) = w**3 - 4*w**2 - 5*w + 2. Let j be t(5). Calculate the highest common factor of g and j.
2
Let u be (-5 - -6)/1 + 15. Calculate the highest common divisor of u and 72.
8
Let b = -55 - -87. Let g = -114 + 122. What is the highest common divisor of g and b?
8
Let g = -125 + 68. Let d = -36 - g. Calculate the greatest common divisor of d and 147.
21
Suppose 3*o = 8*o - 20. Suppose 4*b = 4*c + 452, 0*b + 5*b = -o*c + 547. What is the greatest common divisor of b and 37?
37
Let m(q) = q**3 + 9*q**2 + q + 11. Let x be m(-9). Suppose 3 = -4*c - 5*l + 14, l + 23 = x*c. What is the greatest common factor of 6 and c?
3
Suppose 56 = 3*c - 5*r, -3*c + 0*r - r + 32 = 0. Let n = 23 + -19. Let b be (-18)/(-24) + 333/n. Calculate the highest common factor of c and b.
12
Let p be (-11)/((-22)/(-884))*2/(-4). Let o be (-3 - -1)*p/(-34). What is the highest common factor of 52 and o?
13
Suppose 2*m + 2 = 6. Let j be 1/(m*2/(-140)). Let o be 0 - -2 - (j - 8). Calculate the highest common divisor of 18 and o.
9
Let m be 72094/429 - 4/78. Calculate the highest common factor of 210 and m.
42
Suppose -30*i - 143 = -923. Let d(y) = y**2 + 6*y + 4. Let t be d(-6). Let h be 14/7*i/t. What is the greatest common factor of h and 91?
13
Let w(v) = -20*v + 6. Let s be w(-6). Let l = s + -82. What is the greatest common factor of l and 11?
11
Suppose -19*s - 324 = -46*s. Calculate the highest common divisor of 28 and s.
4
Let l = 1069 - 1036. What is the greatest common divisor of 1089 and l?
33
Suppose s = -2, 8 = 2*v - 0*s + 2*s. Let l = v - 1. What is the highest common divisor of 5 and l?
5
Let a = 8 + 18. Let k = -835 - -900. What is the greatest common factor of k and a?
13
Let g = -167 + 176. What is the greatest common factor of g and 18?
9
Suppose 5*l - 250 = 245. Let o be ((-12)/(-14))/(39/182). Suppose -36 = -o*u + 8. What is the highest common factor of l and u?
11
Let h = 177 + -252. Let t = -48 - h. Calculate the highest common divisor of 27 and t.
27
Let c = -36 - -40. Suppose -c*y + 105 = -m, 5*y + 5*m - 4*m = 138. What is the highest common divisor of y and 81?
27
Let t = -45 + 61. What is the greatest common factor of t and 144?
16
Suppose -6*y = 19*y - 1250. What is the highest common divisor of y and 2?
2
Let o = -2 - -12. Suppose 5*f = 5*z + 50, 0 = 3*f - 2*f - 5*z - o. What is the highest common divisor of 90 and f?
10
Let i = -1839 + 1930. Calculate the highest common factor of 416 and i.
13
Let x(r) = r**3 - 2*r**2 - 4. Let m be x(3). Let p be ((-72)/m)/(-3)*5/2. What is the highest common factor of p and 36?
12
Suppose 45 = -c + 174. Suppose -5*v + 6 = -c. What is the greatest common divisor of 9 and v?
9
Suppose -3*j + 28 = 4*j. Suppose 2*u - 548 = -j*a, u = -4 + 8. What is the highest common factor of 54 and a?
27
Suppose -11*j + 9*j = -152. Suppose -p + 5 = -14. What is the highest common divisor of p and j?
19
Suppose 7*a - 465 = -1382. Let o = -43 - a. What is the highest common divisor of o and 11?
11
Suppose 3*z + 301 = 5*o, 114 = 4*o - 3*z - 125. Calculate the greatest common divisor of 527 and o.
31
Let u(y) = -9*y - 22. Let s be u(-14). Suppose 3*p = c + 100 + 24, -3*p - 4*c = -s. Calculate the greatest common divisor of p and 8.
8
Let y(c) = 6*c + 30. Let x be y(2). Calculate the greatest common factor of 18 and x.
6
Let w = 14 + 9. Let f = w + -13. Calculate the highest common factor of 10 and f.
10
Let z(k) = -k**2 + 12*k - 25. Let u be z(8). What is the greatest common divisor of u and 119?
7
Suppose -5*w = k - 725, 0 = -23*k + 19*k + 20. Calculate the highest common divisor of w and 16.
16
Let c = -134 + 139. What is the greatest common factor of 1 and c?
1
Suppose k + 32 = 2*t, 3*t - 26 = -0*t - 4*k. Suppose 3 = t*l - 13*l. What is the highest common factor of l and 33?
3
Suppose 0 = 4*l - 3*f - 151, 6*f = -3*l + f + 106. Let r = l + -13. Calculate the highest common factor of r and 16.
8
Let l be ((-4)/6)/(3*(-2)/(-324)). Let h be 0 - (l + -3 + 6). What is the highest common factor of 3 and h?
3
Let h = -203 - -294. Let m(z) = z**2 + 7. Let l be m(0). What is the greatest common divisor of h and l?
7
Let v = 34 + 1. Suppose 2*a - 51 = -u, -3*a + 62 = -u - 17. Suppose -30 = -4*o + a. What is the highest common divisor of o and v?
7
Let f(n) be the first derivative of n**4/4 - 2*n**3/3 + 5*n**2/2 - 10*n + 4. Let q be f(4). What is the highest common factor of q and 6?
6
Let x(f) = f**3 - 2*f**2 + 8*f - 103. Let d be x(6). What is the highest common factor of d and 2225?
89
Let u(l) = -l**3 - 5*l**2 - 8*l - 121. Let a be u(-8). Calculate the greatest common divisor of a and 5.
5
Suppose 74 = -4*c + 106. What is the greatest common divisor of c and 296?
8
Let m = -2561 + 2617. Calculate the highest common divisor of 42 and m.
14
Let w = 17 - -4. Let m = w - 9. Suppose 2*r + 3*i = m, -3*i = -2*r + r - 3. What is the highest common factor of r and 9?
3
Suppose 2*l - 94 = 76. What is the greatest common factor of 68 and l?
17
Suppose -b + 11 = 9. Suppose -b*i - 32 = -2*a, 3*i + 44 = 5*a + 7*i. What is the highest common factor of 60 and a?
12
Suppose -462 = -3*c - z + 222, 1140 = 5*c + 5*z. Calculate the greatest common divisor of 266 and c.
38
Suppose 4*s = 5*d - 152, -4*d - s - s = -106. Let q(g) = 37*g - 9. Let h be q(1). Calculate the greatest common divisor of d and h.
28
Let q(y) = -9*y**3 - 3*y**2 - 3*y + 2. Let m be q(-2). Calculate the highest common factor of 51 and m.
17
Let r be -2*(3 - (-7)/(-2)). Let j = -3 + r. Let w be j - (-1 - (-3 + 24)). Calculate the greatest common factor of w and 4.
4
Let h be ((-2)/(-4))/(20/1440). Calculate the highest common factor of h and 63.
9
Let g be (-1983)/(-51) + (24/102)/2. Calculate the highest common factor of 1443 and g.
39
Let c(s) = -4*s + 2. Let b be c(-11). What is the greatest common divisor of b and 115?
23
Let c = 408 - -596. What is the greatest common factor of c and 4?
4
Let d be 66/99 - (-7)/3. Suppose b - 5*p + d*p = 31, -66 = -3*b - 3*p. Calculate the highest common factor of b and 175.
25
Suppose -37*v + 7902 + 15667 = 0. What is the greatest common factor of 13 and v?
13
Suppose 4*y + 0*j = -5*j - 211, -j = -1. Let m = y + 190. Calculate the greatest common divisor of 34 and m.
34
Suppose 3*y + 28 = 40. Let w be 21/(-27) - (-6)/(-27). Let m be w/3 + 93/9. Calculate the greatest common divisor of y and m.
2
Let q = -12 - -16. Suppose 2*i - 5*n = 162, -i + q*n = i - 166. Calculate the highest common factor of i and 13.
13
Let r be (-62)/(-4) + (-10)/20. Let s = -16 - -21. Suppose s*g - 24 = g. Calculate the greatest common divisor of g and r.
3
Let n = -98 + 133. Calculate the greatest common factor of n and 49.
7
Let x(z) = 7*z + 94. Let u be x(-13). Calculate the greatest common factor of 63 and u.
3
Suppose -37*d + 590 = -964. Calculate the greatest common divisor of d and 6.
6
Let i be 2/(-13) - 1100/(-52). Let o = i + -16. Let x = o - -25. Calculate the greatest common factor of 45 and x.
15
Let h = 17 - 13. Suppose -p - 9 = h. Let l = -1 - p. Calculate the greatest common divisor of l and 96.
12
Let x(r) = r**3 - 4*r**2 - 4*r + 1. Let c be x(5). Let q be (c/(-15))/(1/(-5)). Suppose -q*g + 8 = -g. What is the greatest common divisor of 24 and g?
8
Let j be 131/2 - (11/2 - 4). What is the greatest common factor of 56 and j?
8
Suppose 4*t + 55*y - 296 = 57*y, 0 = -4*t + 5*y + 296. What is the greatest common divisor of t and 222?
74
Let q be 30/7 - ((-18)/(-14) - 1). Suppose -s + q*c = 2, 31 - 5 = 2*s - 2*c. Calculate the greatest common divisor of 54 and s.
18
Let u = 21 - 5. Let v(h) = 17 - u - 2*h + 35. Let i be v(17). What is the highest common factor of i and 6?
2
Suppose -2 = -n + 5*s + 13, -4*s - 8 = 0. Suppose n*b - 108 = 2*b. Calculate the grea